?
17
Calculate the remainder when 3650 is divided by 728.
10
What is the remainder when 231256 is divided by 93?
58
What is the remainder when 2527 is divided by 971?
585
What is the remainder when 16777 is divided by 1195?
47
Calculate the remainder when 823323 is divided by 14.
11
Calculate the remainder when 1039917 is divided by 619.
616
Calculate the remainder when 27653 is divided by 469.
451
What is the remainder when 42484 is divided by 18?
4
Calculate the remainder when 26556 is divided by 49.
47
Calculate the remainder when 52264 is divided by 13060.
24
What is the remainder when 19190 is divided by 278?
8
Calculate the remainder when 37916 is divided by 1720.
76
Calculate the remainder when 136148 is divided by 713.
678
Calculate the remainder when 144666 is divided by 5.
1
Calculate the remainder when 1596 is divided by 36.
12
Calculate the remainder when 2433 is divided by 219.
24
Calculate the remainder when 880115 is divided by 38.
35
Calculate the remainder when 17177 is divided by 47.
22
Calculate the remainder when 5726556 is divided by 571.
568
What is the remainder when 59190 is divided by 49?
47
Calculate the remainder when 5071 is divided by 396.
319
What is the remainder when 20393 is divided by 21?
2
What is the remainder when 3244 is divided by 157?
104
What is the remainder when 8623 is divided by 233?
2
What is the remainder when 8736 is divided by 782?
134
Calculate the remainder when 269618 is divided by 34.
32
Calculate the remainder when 38640 is divided by 19311.
18
Calculate the remainder when 121756 is divided by 14.
12
Calculate the remainder when 37463 is divided by 305.
253
What is the remainder when 189 is divided by 58?
15
What is the remainder when 14535 is divided by 169?
1
What is the remainder when 10249 is divided by 5053?
143
Calculate the remainder when 3413 is divided by 181.
155
What is the remainder when 34767 is divided by 13?
5
Calculate the remainder when 3748 is divided by 231.
52
Calculate the remainder when 17341 is divided by 214.
7
Calculate the remainder when 15536 is divided by 576.
560
What is the remainder when 31783 is divided by 3528?
31
What is the remainder when 44983 is divided by 250?
233
What is the remainder when 1398 is divided by 662?
74
What is the remainder when 10219 is divided by 68?
19
Calculate the remainder when 5232 is divided by 46.
34
What is the remainder when 68363 is divided by 639?
629
Calculate the remainder when 2766845 is divided by 1122.
1115
What is the remainder when 3473 is divided by 1113?
134
What is the remainder when 30056 is divided by 477?
5
What is the remainder when 13438 is divided by 613?
565
Calculate the remainder when 33888 is divided by 18.
12
What is the remainder when 67669 is divided by 1187?
10
What is the remainder when 108575 is divided by 144?
143
What is the remainder when 162184 is divided by 14?
8
What is the remainder when 13924 is divided by 179?
141
What is the remainder when 184384 is divided by 46089?
28
Calculate the remainder when 7081 is divided by 26.
9
Calculate the remainder when 33511 is divided by 118.
117
What is the remainder when 90610 is divided by 652?
634
What is the remainder when 73557 is divided by 3064?
21
Calculate the remainder when 103888 is divided by 199.
10
What is the remainder when 7837 is divided by 117?
115
What is the remainder when 10914 is divided by 120?
114
What is the remainder when 51294 is divided by 6?
0
Calculate the remainder when 56227 is divided by 20.
7
Calculate the remainder when 5133699 is divided by 1100.
1099
What is the remainder when 32010 is divided by 140?
90
Calculate the remainder when 162799 is divided by 60.
19
What is the remainder when 102069 is divided by 50?
19
Calculate the remainder when 1847 is divided by 1829.
18
What is the remainder when 7654 is divided by 1893?
82
What is the remainder when 79980 is divided by 47?
33
Calculate the remainder when 5399 is divided by 74.
71
What is the remainder when 28698 is divided by 25?
23
What is the remainder when 193544 is divided by 1879?
7
Calculate the remainder when 7698 is divided by 1537.
13
What is the remainder when 13657 is divided by 210?
7
Calculate the remainder when 8861 is divided by 1757.
76
Calculate the remainder when 4510 is divided by 68.
22
Calculate the remainder when 160105 is divided by 20013.
1
What is the remainder when 5090 is divided by 2?
0
Calculate the remainder when 324960 is divided by 196.
188
What is the remainder when 12131 is divided by 167?
107
What is the remainder when 90784 is divided by 1418?
32
Calculate the remainder when 10157 is divided by 108.
5
Calculate the remainder when 3202 is divided by 203.
157
What is the remainder when 16953 is divided by 8464?
25
What is the remainder when 1343 is divided by 90?
83
What is the remainder when 3241 is divided by 333?
244
What is the remainder when 1348337 is divided by 366?
359
What is the remainder when 5286 is divided by 41?
38
Calculate the remainder when 29496 is divided by 139.
28
Calculate the remainder when 195 is divided by 50.
45
What is the remainder when 3104 is divided by 563?
289
Calculate the remainder when 428 is divided by 389.
39
What is the remainder when 66056 is divided by 109?
2
What is the remainder when 16971 is divided by 5647?
30
Calculate the remainder when 261537 is divided by 15.
12
What is the remainder when 359994 is divided by 52?
50
Calculate the remainder when 17961 is divided by 485.
16
What is the remainder when 4090461 is divided by 48?
45
Calculate the remainder when 46265 is divided by 23.
12
What is the remainder when 28828 is divided by 28828?
0
Calculate the remainder when 2221 is divided by 2087.
134
Calculate the remainder when 1319 is divided by 86.
29
Calculate the remainder when 140709 is divided by 328.
325
What is the remainder when 199984 is divided by 692?
688
What is the remainder when 1030895 is divided by 38?
31
What is the remainder when 65877 is divided by 45?
42
What is the remainder when 13531 is divided by 6713?
105
What is the remainder when 32452 is divided by 50?
2
Calculate the remainder when 44487 is divided by 578.
559
What is the remainder when 24370 is divided by 861?
262
What is the remainder when 993 is divided by 373?
247
Calculate the remainder when 30930 is divided by 30921.
9
What is the remainder when 18413 is divided by 329?
318
What is the remainder when 1132135 is divided by 8?
7
Calculate the remainder when 8180 is divided by 119.
88
Calculate the remainder when 2817 is divided by 907.
96
Calculate the remainder when 17612 is divided by 5669.
605
What is the remainder when 888 is divided by 127?
126
What is the remainder when 44491 is divided by 1117?
928
What is the remainder when 35855 is divided by 24?
23
Calculate the remainder when 2508 is divided by 1065.
378
Calculate the remainder when 69881 is divided by 1372.
1281
What is the remainder when 31236 is divided by 15603?
30
Calculate the remainder when 6173 is divided by 731.
325
What is the remainder when 3298 is divided by 94?
8
Calculate the remainder when 561 is divided by 419.
142
What is the remainder when 109512 is divided by 109459?
53
What is the remainder when 232247 is divided by 237?
224
Calculate the remainder when 2226 is divided by 50.
26
Calculate the remainder when 2303 is divided by 503.
291
Calculate the remainder when 852 is divided by 315.
222
Calculate the remainder when 6036 is divided by 1508.
4
What is the remainder when 33499 is divided by 170?
9
What is the remainder when 16373 is divided by 3272?
13
What is the remainder when 383549 is divided by 4124?
17
Calculate the remainder when 7785 is divided by 1084.
197
What is the remainder when 89409 is divided by 68?
57
Calculate the remainder when 871623 is divided by 435810.
3
Calculate the remainder when 5671 is divided by 191.
132
Calculate the remainder when 2926 is divided by 2916.
10
What is the remainder when 271254 is divided by 90400?
54
Calculate the remainder when 4417 is divided by 62.
15
Calculate the remainder when 1779 is divided by 30.
9
Calculate the remainder when 22378 is divided by 24.
10
What is the remainder when 81734 is divided by 11662?
100
Calculate the remainder when 29198 is divided by 29196.
2
What